hen ((-24)/w)/(12/440) is divided by 18?
16
Let y = -2 - -2. Suppose 3*m - 2*m - z - 18 = y, 16 = m - 2*z. What is the remainder when 50 is divided by m?
10
Suppose 5 + 3 = -g. Let w = g + 11. What is the remainder when 11 is divided by w?
2
Let c be (12/(-16))/((-3)/60). Suppose p - 16 - c = 0. Let o(k) = 62*k + 432. Calculate the remainder when o(-6) is divided by p.
29
Let d = 13 - 11. Let n be 187/66 - d/(-12). Suppose 5*h = t - 0*h - 92, 3*t = n*h + 240. Calculate the remainder when t is divided by 20.
17
Suppose 2*c = -r + 14, 3*r = 2*c + c + 24. Let w be 2/((-145)/45 + 3). What is the remainder when (4 + -4 + w)*-2 is divided by r?
8
Suppose -33*g - 1501 + 4504 = 0. Calculate the remainder when g is divided by 8.
3
Let h(t) = -t**3 + 13*t**2 + 14*t. Let c be h(14). Suppose d = 4, -4*z + 3*d + d + 124 = c. What is the remainder when z is divided by 9?
8
Let j(l) = -3*l - 3. Let x be j(8). What is the remainder when 4 + (-2 + 0 - x) is divided by 18?
11
Let s = 42 + -260. Let q = s - -314. Suppose -134 = -5*w + q. Calculate the remainder when w is divided by 12.
10
Suppose 4*h + 5*d = 14, 0 = -4*h + 5*d - 2 - 4. Let n be (-1 - h) + 0 + 7. Suppose -n*j = -132 + 22. Calculate the remainder when 41 is divided by j.
19
Let l(d) = d. Let f(b) = -b**2 - 17*b - 2. Let r(m) = f(m) - l(m). Calculate the remainder when r(-15) is divided by 24.
19
Suppose 2*f + 3 - 5 = 0. Let l(u) = u**2 + 14*u - 44. What is the remainder when l(-17) is divided by 2 + (-1 - f - -3)?
1
Suppose 0 = -2*p + 65 + 95. Suppose -21*o - 79 = -646. Calculate the remainder when p is divided by o.
26
Let z = 58 - 3. Calculate the remainder when z is divided by 30.
25
Suppose 39*l - 48 = 4476. What is the remainder when l is divided by 39?
38
Let k = -1 - -1. Let z = 546 + -484. What is the remainder when z is divided by (-1 + k + -2)*-7?
20
Let f(t) = 2*t + 1. Let o be f(1). Let y = 6 + -1. What is the remainder when ((-49)/(-21))/(1/o) is divided by y?
2
Suppose 17*w - 582 = 761. Calculate the remainder when w is divided by 21.
16
Suppose -4 = z + m, 0 = -5*z - 2*m - 11 + 3. Suppose 4*y = 2*s, -2*y - 5*s + 17 + 7 = z. Let h(o) = 8*o - 13. What is the remainder when h(2) is divided by y?
1
Let y = 982 + -957. Let k = -75 - -147. Calculate the remainder when k is divided by y.
22
Let d(x) = -x**3 - 11*x**2 - 7*x + 26. Suppose 3*m - 73 = -f + 38, 0 = 4*m + 3*f - 143. Suppose 2*r = 32 + m. What is the remainder when d(-11) is divided by r?
33
Let a(t) = 4*t**2 - 7*t - 10. Let g(q) = 7*q**2 - 14*q - 19. Let z = 25 - 20. Let n(b) = z*a(b) - 3*g(b). Calculate the remainder when 12 is divided by n(7).
5
Let r = 6 + -4. Suppose 5*x - 4*n - 177 = 0, -5*x + r*n + 274 = 103. Calculate the remainder when 75 is divided by x - (-12)/(-3) - 3.
23
Suppose 0*n - 9*n = -36. Suppose 3*r = -n*d + 238, -3*r - 2*d - 66 = -314. What is the remainder when r is divided by 29?
28
Suppose -l = -3*b - 5*l + 49, 5*b + 3*l = 67. What is the remainder when 956 is divided by b?
10
Let d be (1 - -1)*5/2. Suppose -d*m = -5*x + 75, 4*x + 4*m + 26 = 6*x. What is the remainder when 21 is divided by x?
4
Let k(z) = z**3 - 14*z**2 + z - 1. Let r = 14 + -11. Suppose -s + 100 = r*s. Calculate the remainder when s is divided by k(14).
12
Let k = 2 + 3. Suppose -4*j - 4*n = -72, -k*j - 4*n = -8*j + 89. What is the remainder when 44 is divided by j?
21
Suppose -8*c - 20*c + 504 = 0. Calculate the remainder when 52 is divided by c.
16
Suppose -3*o + 117 = -0*o. Let v = o + -35. Calculate the remainder when 8 is divided by v.
0
Let w(q) = -q**2 - 10*q - 3. Let j(g) = g**2 + 9*g + 26. What is the remainder when j(-13) is divided by w(-6)?
15
Suppose w - 45 = t, 0*w = 2*w - 5*t - 84. What is the remainder when 116 is divided by w?
22
Let n(z) = -7*z - 166. What is the remainder when 35 is divided by n(-25)?
8
Let c = -770 - -957. What is the remainder when c is divided by 92?
3
Let o(u) be the third derivative of 6*u**2 + 0*u**3 + 0*u + 0 + 1/12*u**4 + 1/12*u**5. Calculate the remainder when o(-3) is divided by 21.
18
Suppose -36*s = -31*s. Let i(g) = 7 + 3*g + g - 5*g + g**3. Calculate the remainder when i(s) is divided by 5.
2
Suppose 0 = 3*y + 9, -2*y - 6 = -0*v - 2*v. Suppose v = 4*f - 4*z - 124, -4*f + 0*f - 4*z + 132 = 0. What is the remainder when f is divided by 17?
15
Let x = -6 + 8. Let s be 24*(2 - x/(-8)). Let d = s - 38. What is the remainder when d is divided by 6?
4
Calculate the remainder when 50 is divided by (14/(-21))/((-8)/6)*32.
2
Let v = -22 - -38. Let n = v - -14. Calculate the remainder when n is divided by 12*(0 - 2/(-3)).
6
Let u be (-16)/(-12)*12/8. Suppose -4*l = u*c - 72, 3*c = l - 1 - 3. Calculate the remainder when (-296)/(-10) + 4/10 is divided by l.
14
Suppose 0 = 5*d - 2*y - 325, -6*d = -5*d + 5*y - 92. What is the remainder when 330 is divided by d?
62
What is the remainder when 944 is divided by (-4 - (945/14)/(-15))*86?
41
Suppose 4*y + 34 = 6*y. Let h be 3/(-15) + (-13727)/(-35). Suppose -3*k = -11*k + h. Calculate the remainder when k is divided by y.
15
Suppose -4*x - 4*f + 4 = 0, -2*x = 2*f - 6*f + 16. What is the remainder when (-57 - (x - -5))/((-6)/8) is divided by 21?
17
Let s(v) = v**3 - 7*v**2 - 3*v + 15. Let j(z) be the third derivative of -5*z**4/24 + 2*z**3/3 + 2*z**2. What is the remainder when s(8) is divided by j(-3)?
17
What is the remainder when 213/4 + 147/196 is divided by 28?
26
Let c = -19 - -37. Suppose -3*q - c = -6*q. What is the remainder when (-108)/((-20)/(-5))*1/(-3) is divided by q?
3
Suppose 12 = 31*b - 25*b. What is the remainder when 73 is divided by b?
1
Suppose 0*i + 3*i - 99 = 0. Suppose 40*j - 13*j = 3483. Calculate the remainder when j is divided by i.
30
Suppose 0 = 5*y + 7108 - 7278. Calculate the remainder when 131 is divided by y.
29
What is the remainder when (-2*96/20)/((-6)/20) is divided by 7?
4
Let r be -7 - 2*(-2)/4. Suppose -2*x = 5*j - 40, 22 + 59 = 3*x + 4*j. Calculate the remainder when x is divided by (-74)/(-6) - 4/r.
9
Suppose -5*u = -4*u - 47. What is the remainder when 84 is divided by u?
37
Let o(r) = 4*r + 838. What is the remainder when o(0) is divided by 40?
38
Suppose y + 0*y = 24. Suppose -48*n + 23*n = -8*n - 1207. Calculate the remainder when n is divided by y.
23
Let p(d) be the first derivative of d**4/4 - 2*d + 4. Let x be p(2). Suppose 0*m - 4*k = m + x, 25 = -5*k. Calculate the remainder when 68 is divided by m.
12
Suppose 104*z - 101*z - 156 = 0. Calculate the remainder when 114 is divided by z.
10
Let r = 25 - 26. What is the remainder when (1 - 4)*17*r is divided by (156/(-6))/(0 - 2)?
12
Let b be (3 + 0)*-3*4/(-9). What is the remainder when (b/6)/((-4)/(-270)) is divided by 8?
5
Suppose 0 = -3*r - a + 38, -3 = 4*a - a. Let n(l) = 2*l**2 + 7*l - 37. Calculate the remainder when n(-9) is divided by r.
10
Suppose -21 = -3*i + 2*h, i + 4*i - 37 = 4*h. Suppose -5*o - 2*y = -106, -5 = 5*y + i. Calculate the remainder when 84 is divided by o.
18
Let q = -1142 - -1350. What is the remainder when 627 is divided by q?
3
Suppose 17*z - 9328 = -5*z. Calculate the remainder when z is divided by 39.
34
Let m be (-250)/12 + 7/(-42). Calculate the remainder when 23 is divided by (m - -3)*(-3)/9.
5
Let h(j) = -j**2 + 8*j + 5. Let w be h(8). Suppose g - 24 = -w. What is the remainder when g is divided by (9/6)/((-6)/(-20))?
4
Let a(o) = -o**3 + 17*o**2 + 8*o - 24. What is the remainder when a(16) is divided by 28?
24
Suppose -3*j = -s - 120, -j = 2*s - 6*s - 51. Let m(y) = -y**3 + 11*y**2 + 3*y - 32. Let k be m(11). What is the remainder when 1*k/(3/j) is divided by 7?
6
Let l(o) = -11*o**2 - 64*o + 14. What is the remainder when 121 is divided by l(-6)?
1
Let x(n) = 8*n**2 - 4*n - 5. What is the remainder when x(-2) is divided by 9?
8
Let z = 234 - 5. Suppose -77 = -b - 5*y + 6, 5*y = -3*b + z. What is the remainder when b is divided by 11?
7
Let d(x) = -x**3 - 17*x**2 - 16*x - 86. What is the remainder when d(-17) is divided by 27?
24
Let l(y) = 6*y**2 - 6*y - 108. Let g(m) = 5*m**2 - 5*m - 107. Let d(b) = -7*g(b) + 6*l(b). What is the remainder when d(0) is divided by 1 - (-1 + -26) - 2?
23
Let a = 38 - 36. Suppose i + 0*b + a*b = 24, -4*b = -2*i + 8. What is the remainder when 26 is divided by i?
12
Let z(u) = -4*u**3 - 3*u